emainder when 564209 is divided by 133.
23
Calculate the remainder when 764539 is divided by 430.
429
What is the remainder when 1363914333 is divided by 2261?
2259
Calculate the remainder when 14054386 is divided by 59552.
114
What is the remainder when 1562085 is divided by 350?
35
Calculate the remainder when 27888226 is divided by 112.
2
Calculate the remainder when 4646823 is divided by 501.
48
Calculate the remainder when 306257 is divided by 2836.
2805
What is the remainder when 171509 is divided by 41514?
5453
Calculate the remainder when 12348936 is divided by 284.
48
What is the remainder when 962303 is divided by 540?
23
What is the remainder when 29897357 is divided by 610150?
7
Calculate the remainder when 2898 is divided by 2272.
626
What is the remainder when 2555446 is divided by 1729?
1713
Calculate the remainder when 4697405 is divided by 978.
71
What is the remainder when 9705 is divided by 673?
283
Calculate the remainder when 301031 is divided by 5676.
203
Calculate the remainder when 110220 is divided by 50287.
9646
Calculate the remainder when 864009 is divided by 3021.
3
What is the remainder when 3878580 is divided by 2180?
360
What is the remainder when 2644799 is divided by 18625?
49
Calculate the remainder when 3989398 is divided by 3660.
3658
What is the remainder when 350017 is divided by 1417?
18
What is the remainder when 372389 is divided by 204?
89
Calculate the remainder when 78197 is divided by 76274.
1923
Calculate the remainder when 5624275 is divided by 5286.
5257
Calculate the remainder when 1229425 is divided by 3473.
3456
What is the remainder when 184891 is divided by 6149?
421
What is the remainder when 47420 is divided by 9102?
1910
What is the remainder when 251350 is divided by 83558?
676
Calculate the remainder when 40290 is divided by 751.
487
What is the remainder when 1697349 is divided by 5705?
2964
What is the remainder when 83596 is divided by 2461?
2383
What is the remainder when 775921 is divided by 387542?
837
What is the remainder when 39488656 is divided by 9872164?
0
What is the remainder when 17073401 is divided by 3?
2
Calculate the remainder when 5863739 is divided by 1579.
912
Calculate the remainder when 882899 is divided by 1953.
143
What is the remainder when 1937598 is divided by 4692?
4494
Calculate the remainder when 319032 is divided by 1549.
1487
Calculate the remainder when 7008021 is divided by 194661.
225
Calculate the remainder when 610736 is divided by 81.
77
Calculate the remainder when 2281661 is divided by 190133.
65
What is the remainder when 2054277 is divided by 2637?
54
Calculate the remainder when 249033 is divided by 9322.
6661
What is the remainder when 4349999 is divided by 359?
355
Calculate the remainder when 25058 is divided by 1607.
953
What is the remainder when 78310222 is divided by 8?
6
What is the remainder when 121515672 is divided by 9486?
12
What is the remainder when 11048 is divided by 2852?
2492
Calculate the remainder when 7332 is divided by 3029.
1274
What is the remainder when 78132172 is divided by 140?
132
Calculate the remainder when 1735103 is divided by 829.
6
What is the remainder when 109249 is divided by 3227?
2758
What is the remainder when 1630271 is divided by 737?
27
Calculate the remainder when 864164 is divided by 27840.
1124
What is the remainder when 373893 is divided by 28759?
26
Calculate the remainder when 573838 is divided by 143388.
286
Calculate the remainder when 5542 is divided by 4872.
670
Calculate the remainder when 2400449 is divided by 380.
369
Calculate the remainder when 3071410 is divided by 2237.
9
What is the remainder when 15435559 is divided by 7717775?
9
What is the remainder when 19171 is divided by 4144?
2595
Calculate the remainder when 136251951 is divided by 2101.
0
What is the remainder when 69361 is divided by 2103?
2065
Calculate the remainder when 279377 is divided by 938.
791
Calculate the remainder when 3329528 is divided by 26851.
4
What is the remainder when 223337 is divided by 419?
10
What is the remainder when 2249874 is divided by 707?
200
Calculate the remainder when 26536758 is divided by 5.
3
What is the remainder when 16564 is divided by 634?
80
What is the remainder when 86385 is divided by 10591?
1657
What is the remainder when 3935 is divided by 2081?
1854
What is the remainder when 4085804 is divided by 13574?
30
Calculate the remainder when 195335767 is divided by 227.
224
Calculate the remainder when 12104942 is divided by 432316.
94
What is the remainder when 35254929 is divided by 199?
89
Calculate the remainder when 5118746 is divided by 8243.
8086
What is the remainder when 555680220 is divided by 142?
140
Calculate the remainder when 472615 is divided by 117519.
2539
What is the remainder when 23289 is divided by 22148?
1141
What is the remainder when 22091929 is divided by 11609?
2
What is the remainder when 241926 is divided by 241899?
27
Calculate the remainder when 142737 is divided by 825.
12
Calculate the remainder when 1267585 is divided by 316894.
9
What is the remainder when 206003 is divided by 347?
232
Calculate the remainder when 2004716 is divided by 251.
230
What is the remainder when 45081 is divided by 6302?
967
What is the remainder when 1019967 is divided by 59982?
273
What is the remainder when 6004016 is divided by 3507?
32
Calculate the remainder when 10973589 is divided by 10.
9
What is the remainder when 119668965 is divided by 2412?
2409
Calculate the remainder when 5853169 is divided by 1463292.
1
Calculate the remainder when 695601 is divided by 885.
876
Calculate the remainder when 615375 is divided by 231.
222
Calculate the remainder when 350454427 is divided by 95.
92
What is the remainder when 268255 is divided by 1261?
923
What is the remainder when 29805516 is divided by 11716?
12
Calculate the remainder when 36677989 is divided by 12225995.
4
What is the remainder when 59234771 is divided by 44?
35
What is the remainder when 164883 is divided by 436?
75
Calculate the remainder when 5599005 is divided by 39.
9
Calculate the remainder when 133737767 is divided by 327.
326
Calculate the remainder when 307145 is divided by 124.
121
What is the remainder when 1772419 is divided by 1054?
645
Calculate the remainder when 481959 is divided by 11202.
273
What is the remainder when 81183680 is divided by 1268495?
0
What is the remainder when 1153281 is divided by 129?
21
What is the remainder when 176711397 is divided by 181?
11
Calculate the remainder when 203834108 is divided by 370.
368
Calculate the remainder when 8860171 is divided by 4871.
4693
What is the remainder when 33082 is divided by 47?
41
Calculate the remainder when 275691 is divided by 275408.
283
Calculate the remainder when 51385099 is divided by 2791.
2789
What is the remainder when 20451 is divided by 9672?
1107
What is the remainder when 6004391 is divided by 50?
41
Calculate the remainder when 3629565 is divided by 256.
253
What is the remainder when 218966 is divided by 30?
26
Calculate the remainder when 31664 is divided by 31292.
372
Calculate the remainder when 2937961 is divided by 162.
91
What is the remainder when 7220414 is divided by 19?
15
Calculate the remainder when 103884680 is divided by 668.
660
What is the remainder when 1549092 is divided by 459?
426
What is the remainder when 1009287 is divided by 59289?
1374
What is the remainder when 1264896 is divided by 114946?
490
Calculate the remainder when 36272267 is divided by 325.
317
Calculate the remainder when 31172623 is divided by 26.
1
What is the remainder when 3382035 is divided by 86?
85
Calculate the remainder when 41607 is divided by 1913.
1434
Calculate the remainder when 9482324 is divided by 69.
68
What is the remainder when 1987593 is divided by 5112?
4137
Calculate the remainder when 106465686 is divided by 38297.
26
What is the remainder when 189343 is divided by 145?
118
Calculate the remainder when 15734 is divided by 2571.
308
What is the remainder when 173491 is divided by 3096?
115
What is the remainder when 96815 is divided by 177?
173
Calculate the remainder when 10666 is divided by 10103.
563
What is the remainder when 6073913 is divided by 93?
83
What is the remainder when 14408860 is